{"id":23,"date":"2018-06-11T17:23:04","date_gmt":"2018-06-11T16:23:04","guid":{"rendered":"https:\/\/lauratalias.wordpress.com\/?page_id=23"},"modified":"2023-03-10T14:45:39","modified_gmt":"2023-03-10T13:45:39","slug":"portrait-birmans","status":"publish","type":"page","link":"https:\/\/lauratalias.com\/index.php\/portrait-birmans\/","title":{"rendered":"Portrait birmans"},"content":{"rendered":"<p>Rencontres sur le vif, amiti\u00e9s tiss\u00e9es ou brefs chass\u00e9-crois\u00e9s : mes portraits ne sont jamais pos\u00e9s.<br \/>\nEn 9 mois, les Birmans n&#8217;ont jamais cess\u00e9 de m&#8217;offrir leur sinc\u00e9rit\u00e9.<\/p>\n\n\t\t<style type=\"text\/css\">\n\t\t\t#gallery-1 {\n\t\t\t\tmargin: auto;\n\t\t\t}\n\t\t\t#gallery-1 .gallery-item {\n\t\t\t\tfloat: left;\n\t\t\t\tmargin-top: 10px;\n\t\t\t\ttext-align: center;\n\t\t\t\twidth: 33%;\n\t\t\t}\n\t\t\t#gallery-1 img {\n\t\t\t\tborder: 2px solid #cfcfcf;\n\t\t\t}\n\t\t\t#gallery-1 .gallery-caption {\n\t\t\t\tmargin-left: 0;\n\t\t\t}\n\t\t\t\/* see gallery_shortcode() in wp-includes\/media.php *\/\n\t\t<\/style>\n\t\t<div id='gallery-1' class='gallery galleryid-23 gallery-columns-3 gallery-size-large'><dl class='gallery-item'>\n\t\t\t<dt class='gallery-icon portrait'>\n\t\t\t\t<a href='https:\/\/lauratalias.com\/12512380_953518604696919_4685150097011082702_n\/'><img loading=\"lazy\" decoding=\"async\" width=\"640\" height=\"960\" src=\"https:\/\/lauratalias.com\/wp-content\/uploads\/2018\/06\/12512380_953518604696919_4685150097011082702_n.jpg\" class=\"attachment-large size-large\" alt=\"\" srcset=\"https:\/\/lauratalias.com\/wp-content\/uploads\/2018\/06\/12512380_953518604696919_4685150097011082702_n.jpg 640w, https:\/\/lauratalias.com\/wp-content\/uploads\/2018\/06\/12512380_953518604696919_4685150097011082702_n-200x300.jpg 200w\" sizes=\"auto, (max-width: 640px) 100vw, 640px\" \/><\/a>\n\t\t\t<\/dt><\/dl><dl class='gallery-item'>\n\t\t\t<dt class='gallery-icon portrait'>\n\t\t\t\t<a href='https:\/\/lauratalias.com\/talias-birmanie-thanaka-bambou-2\/'><img loading=\"lazy\" decoding=\"async\" width=\"333\" height=\"500\" src=\"https:\/\/lauratalias.com\/wp-content\/uploads\/2018\/06\/talias-birmanie-thanaka-bambou1.jpg\" class=\"attachment-large size-large\" alt=\"\" srcset=\"https:\/\/lauratalias.com\/wp-content\/uploads\/2018\/06\/talias-birmanie-thanaka-bambou1.jpg 333w, https:\/\/lauratalias.com\/wp-content\/uploads\/2018\/06\/talias-birmanie-thanaka-bambou1-200x300.jpg 200w\" sizes=\"auto, (max-width: 333px) 100vw, 333px\" \/><\/a>\n\t\t\t<\/dt><\/dl><dl class='gallery-item'>\n\t\t\t<dt class='gallery-icon landscape'>\n\t\t\t\t<a href='https:\/\/lauratalias.com\/talias-birmanie-portraits-birmans-aung-san-suu-kyi\/'><img loading=\"lazy\" decoding=\"async\" width=\"400\" height=\"267\" src=\"https:\/\/lauratalias.com\/wp-content\/uploads\/2018\/06\/talias-birmanie-portraits-birmans-aung-san-suu-kyi.jpg\" class=\"attachment-large size-large\" alt=\"\" srcset=\"https:\/\/lauratalias.com\/wp-content\/uploads\/2018\/06\/talias-birmanie-portraits-birmans-aung-san-suu-kyi.jpg 400w, https:\/\/lauratalias.com\/wp-content\/uploads\/2018\/06\/talias-birmanie-portraits-birmans-aung-san-suu-kyi-300x200.jpg 300w\" sizes=\"auto, (max-width: 400px) 100vw, 400px\" \/><\/a>\n\t\t\t<\/dt><\/dl><br style=\"clear: both\" \/><dl class='gallery-item'>\n\t\t\t<dt class='gallery-icon landscape'>\n\t\t\t\t<a href='https:\/\/lauratalias.com\/talias-birmanie-portraits-birmans-cheeroot\/'><img loading=\"lazy\" decoding=\"async\" width=\"640\" height=\"427\" src=\"https:\/\/lauratalias.com\/wp-content\/uploads\/2018\/06\/talias-birmanie-portraits-birmans-cheeroot-1024x683.jpg\" class=\"attachment-large size-large\" alt=\"\" srcset=\"https:\/\/lauratalias.com\/wp-content\/uploads\/2018\/06\/talias-birmanie-portraits-birmans-cheeroot-1024x683.jpg 1024w, https:\/\/lauratalias.com\/wp-content\/uploads\/2018\/06\/talias-birmanie-portraits-birmans-cheeroot-300x200.jpg 300w, https:\/\/lauratalias.com\/wp-content\/uploads\/2018\/06\/talias-birmanie-portraits-birmans-cheeroot-768x512.jpg 768w, https:\/\/lauratalias.com\/wp-content\/uploads\/2018\/06\/talias-birmanie-portraits-birmans-cheeroot-1536x1024.jpg 1536w, https:\/\/lauratalias.com\/wp-content\/uploads\/2018\/06\/talias-birmanie-portraits-birmans-cheeroot-2048x1365.jpg 2048w\" sizes=\"auto, (max-width: 640px) 100vw, 640px\" \/><\/a>\n\t\t\t<\/dt><\/dl><dl class='gallery-item'>\n\t\t\t<dt class='gallery-icon landscape'>\n\t\t\t\t<a href='https:\/\/lauratalias.com\/talias-birmanie-portraits-famille\/'><img loading=\"lazy\" decoding=\"async\" width=\"640\" height=\"427\" src=\"https:\/\/lauratalias.com\/wp-content\/uploads\/2018\/06\/talias-birmanie-portraits-famille-1024x683.jpg\" class=\"attachment-large size-large\" alt=\"\" srcset=\"https:\/\/lauratalias.com\/wp-content\/uploads\/2018\/06\/talias-birmanie-portraits-famille-1024x683.jpg 1024w, https:\/\/lauratalias.com\/wp-content\/uploads\/2018\/06\/talias-birmanie-portraits-famille-300x200.jpg 300w, https:\/\/lauratalias.com\/wp-content\/uploads\/2018\/06\/talias-birmanie-portraits-famille-768x512.jpg 768w, https:\/\/lauratalias.com\/wp-content\/uploads\/2018\/06\/talias-birmanie-portraits-famille-1536x1024.jpg 1536w, https:\/\/lauratalias.com\/wp-content\/uploads\/2018\/06\/talias-birmanie-portraits-famille-2048x1366.jpg 2048w\" sizes=\"auto, (max-width: 640px) 100vw, 640px\" \/><\/a>\n\t\t\t<\/dt><\/dl><dl class='gallery-item'>\n\t\t\t<dt class='gallery-icon landscape'>\n\t\t\t\t<a href='https:\/\/lauratalias.com\/talias-birmanie-portraits-fene%cc%82tre\/'><img loading=\"lazy\" decoding=\"async\" width=\"640\" height=\"427\" src=\"https:\/\/lauratalias.com\/wp-content\/uploads\/2018\/06\/talias-birmanie-portraits-fenecc82tre-1024x683.jpg\" class=\"attachment-large size-large\" alt=\"\" srcset=\"https:\/\/lauratalias.com\/wp-content\/uploads\/2018\/06\/talias-birmanie-portraits-fenecc82tre-1024x683.jpg 1024w, https:\/\/lauratalias.com\/wp-content\/uploads\/2018\/06\/talias-birmanie-portraits-fenecc82tre-300x200.jpg 300w, https:\/\/lauratalias.com\/wp-content\/uploads\/2018\/06\/talias-birmanie-portraits-fenecc82tre-768x512.jpg 768w, https:\/\/lauratalias.com\/wp-content\/uploads\/2018\/06\/talias-birmanie-portraits-fenecc82tre-1536x1024.jpg 1536w, https:\/\/lauratalias.com\/wp-content\/uploads\/2018\/06\/talias-birmanie-portraits-fenecc82tre-2048x1366.jpg 2048w\" sizes=\"auto, (max-width: 640px) 100vw, 640px\" \/><\/a>\n\t\t\t<\/dt><\/dl><br style=\"clear: both\" \/><dl class='gallery-item'>\n\t\t\t<dt class='gallery-icon landscape'>\n\t\t\t\t<a href='https:\/\/lauratalias.com\/talias-birmanie-portraits-moine-meditation\/'><img loading=\"lazy\" decoding=\"async\" width=\"640\" height=\"427\" src=\"https:\/\/lauratalias.com\/wp-content\/uploads\/2018\/06\/talias-birmanie-portraits-moine-mecc81ditation-1024x683.jpg\" class=\"attachment-large size-large\" alt=\"\" srcset=\"https:\/\/lauratalias.com\/wp-content\/uploads\/2018\/06\/talias-birmanie-portraits-moine-mecc81ditation-1024x683.jpg 1024w, https:\/\/lauratalias.com\/wp-content\/uploads\/2018\/06\/talias-birmanie-portraits-moine-mecc81ditation-300x200.jpg 300w, https:\/\/lauratalias.com\/wp-content\/uploads\/2018\/06\/talias-birmanie-portraits-moine-mecc81ditation-768x512.jpg 768w, https:\/\/lauratalias.com\/wp-content\/uploads\/2018\/06\/talias-birmanie-portraits-moine-mecc81ditation-1536x1024.jpg 1536w, https:\/\/lauratalias.com\/wp-content\/uploads\/2018\/06\/talias-birmanie-portraits-moine-mecc81ditation-2048x1365.jpg 2048w\" sizes=\"auto, (max-width: 640px) 100vw, 640px\" \/><\/a>\n\t\t\t<\/dt><\/dl>\n\t\t\t<br style='clear: both' \/>\n\t\t<\/div>\n\n","protected":false},"excerpt":{"rendered":"<p>Rencontres sur le vif, amiti\u00e9s tiss\u00e9es ou brefs chass\u00e9-crois\u00e9s : mes portraits ne sont jamais pos\u00e9s. En 9 mois, les Birmans n&#8217;ont jamais cess\u00e9 de m&#8217;offrir leur sinc\u00e9rit\u00e9.<\/p>\n","protected":false},"author":2,"featured_media":0,"parent":0,"menu_order":0,"comment_status":"closed","ping_status":"closed","template":"","meta":{"footnotes":""},"class_list":["post-23","page","type-page","status-publish","hentry"],"_links":{"self":[{"href":"https:\/\/lauratalias.com\/index.php\/wp-json\/wp\/v2\/pages\/23","targetHints":{"allow":["GET"]}}],"collection":[{"href":"https:\/\/lauratalias.com\/index.php\/wp-json\/wp\/v2\/pages"}],"about":[{"href":"https:\/\/lauratalias.com\/index.php\/wp-json\/wp\/v2\/types\/page"}],"author":[{"embeddable":true,"href":"https:\/\/lauratalias.com\/index.php\/wp-json\/wp\/v2\/users\/2"}],"replies":[{"embeddable":true,"href":"https:\/\/lauratalias.com\/index.php\/wp-json\/wp\/v2\/comments?post=23"}],"version-history":[{"count":1,"href":"https:\/\/lauratalias.com\/index.php\/wp-json\/wp\/v2\/pages\/23\/revisions"}],"predecessor-version":[{"id":644,"href":"https:\/\/lauratalias.com\/index.php\/wp-json\/wp\/v2\/pages\/23\/revisions\/644"}],"wp:attachment":[{"href":"https:\/\/lauratalias.com\/index.php\/wp-json\/wp\/v2\/media?parent=23"}],"curies":[{"name":"wp","href":"https:\/\/api.w.org\/{rel}","templated":true}]}}