{"id":458,"date":"2022-07-10T00:29:54","date_gmt":"2022-07-09T23:29:54","guid":{"rendered":"https:\/\/lauratalias.wordpress.com\/?page_id=458"},"modified":"2023-03-10T15:08:55","modified_gmt":"2023-03-10T14:08:55","slug":"voyage","status":"publish","type":"page","link":"https:\/\/lauratalias.com\/index.php\/voyage\/","title":{"rendered":"Le voyage vous fait et vous d\u00e9fait&#8230;"},"content":{"rendered":"\n<p>Au-del\u00e0 de se perdre et se trouver, le voyage est l&#8217;occasion d&#8217;observer l&#8217;\u00e9tat du monde.<br>Rencontrer, comprendre, chercher. <br>Souvent au prix du confort, mais que sommes nous pr\u00eats \u00e0 abandonner pour avancer ?<\/p>\n\n\n\n<figure class=\"wp-block-image size-large is-resized\"><img loading=\"lazy\" decoding=\"async\" src=\"https:\/\/lauratalias.files.wordpress.com\/2022\/07\/img_20200212_000132-copie-1.jpg?w=1024\" alt=\"\" class=\"wp-image-474\" width=\"1022\" height=\"532\"\/><\/figure>\n\n\n\n<p><br><\/p>\n\n\n\n<figure class=\"wp-block-gallery has-nested-images columns-default is-cropped wp-block-gallery-1 is-layout-flex wp-block-gallery-is-layout-flex\">\n<figure class=\"wp-block-image size-large\"><img loading=\"lazy\" decoding=\"async\" width=\"775\" height=\"1024\" data-id=\"459\" src=\"https:\/\/lauratalias.com\/wp-content\/uploads\/2022\/07\/857987_582222248516448_324982510_o-775x1024.jpeg\" alt=\"\" class=\"wp-image-459\" srcset=\"https:\/\/lauratalias.com\/wp-content\/uploads\/2022\/07\/857987_582222248516448_324982510_o-775x1024.jpeg 775w, https:\/\/lauratalias.com\/wp-content\/uploads\/2022\/07\/857987_582222248516448_324982510_o-227x300.jpeg 227w, https:\/\/lauratalias.com\/wp-content\/uploads\/2022\/07\/857987_582222248516448_324982510_o-768x1015.jpeg 768w, https:\/\/lauratalias.com\/wp-content\/uploads\/2022\/07\/857987_582222248516448_324982510_o-1163x1536.jpeg 1163w, https:\/\/lauratalias.com\/wp-content\/uploads\/2022\/07\/857987_582222248516448_324982510_o.jpeg 1550w\" sizes=\"auto, (max-width: 775px) 100vw, 775px\" \/><\/figure>\n\n\n\n<figure class=\"wp-block-image size-large\"><img loading=\"lazy\" decoding=\"async\" width=\"768\" height=\"1024\" data-id=\"467\" src=\"https:\/\/lauratalias.com\/wp-content\/uploads\/2022\/07\/1498867_610181702387169_250065238_o-copie-768x1024.jpg\" alt=\"\" class=\"wp-image-467\" srcset=\"https:\/\/lauratalias.com\/wp-content\/uploads\/2022\/07\/1498867_610181702387169_250065238_o-copie-768x1024.jpg 768w, https:\/\/lauratalias.com\/wp-content\/uploads\/2022\/07\/1498867_610181702387169_250065238_o-copie-225x300.jpg 225w, https:\/\/lauratalias.com\/wp-content\/uploads\/2022\/07\/1498867_610181702387169_250065238_o-copie-1152x1536.jpg 1152w, https:\/\/lauratalias.com\/wp-content\/uploads\/2022\/07\/1498867_610181702387169_250065238_o-copie.jpg 1536w\" sizes=\"auto, (max-width: 768px) 100vw, 768px\" \/><\/figure>\n\n\n\n<figure class=\"wp-block-image size-large\"><img loading=\"lazy\" decoding=\"async\" width=\"683\" height=\"1024\" data-id=\"464\" src=\"https:\/\/lauratalias.com\/wp-content\/uploads\/2022\/07\/903163_472613229477351_1851388085_o-copie-683x1024.jpg\" alt=\"\" class=\"wp-image-464\" srcset=\"https:\/\/lauratalias.com\/wp-content\/uploads\/2022\/07\/903163_472613229477351_1851388085_o-copie-683x1024.jpg 683w, https:\/\/lauratalias.com\/wp-content\/uploads\/2022\/07\/903163_472613229477351_1851388085_o-copie-200x300.jpg 200w, https:\/\/lauratalias.com\/wp-content\/uploads\/2022\/07\/903163_472613229477351_1851388085_o-copie-768x1152.jpg 768w, https:\/\/lauratalias.com\/wp-content\/uploads\/2022\/07\/903163_472613229477351_1851388085_o-copie-1024x1536.jpg 1024w, https:\/\/lauratalias.com\/wp-content\/uploads\/2022\/07\/903163_472613229477351_1851388085_o-copie.jpg 1365w\" sizes=\"auto, (max-width: 683px) 100vw, 683px\" \/><\/figure>\n\n\n\n<figure class=\"wp-block-image size-large\"><img loading=\"lazy\" decoding=\"async\" width=\"1024\" height=\"683\" data-id=\"463\" src=\"https:\/\/lauratalias.com\/wp-content\/uploads\/2022\/07\/903090_472613322810675_1682651522_o-copie-1024x683.jpg\" alt=\"\" class=\"wp-image-463\" srcset=\"https:\/\/lauratalias.com\/wp-content\/uploads\/2022\/07\/903090_472613322810675_1682651522_o-copie-1024x683.jpg 1024w, https:\/\/lauratalias.com\/wp-content\/uploads\/2022\/07\/903090_472613322810675_1682651522_o-copie-300x200.jpg 300w, https:\/\/lauratalias.com\/wp-content\/uploads\/2022\/07\/903090_472613322810675_1682651522_o-copie-768x512.jpg 768w, https:\/\/lauratalias.com\/wp-content\/uploads\/2022\/07\/903090_472613322810675_1682651522_o-copie-1536x1025.jpg 1536w, https:\/\/lauratalias.com\/wp-content\/uploads\/2022\/07\/903090_472613322810675_1682651522_o-copie.jpg 2048w\" sizes=\"auto, (max-width: 1024px) 100vw, 1024px\" \/><\/figure>\n\n\n\n<figure class=\"wp-block-image size-large\"><img loading=\"lazy\" decoding=\"async\" width=\"1024\" height=\"683\" data-id=\"462\" src=\"https:\/\/lauratalias.com\/wp-content\/uploads\/2022\/07\/894419_472613186144022_1718230900_o-copie-1024x683.jpg\" alt=\"\" class=\"wp-image-462\" srcset=\"https:\/\/lauratalias.com\/wp-content\/uploads\/2022\/07\/894419_472613186144022_1718230900_o-copie-1024x683.jpg 1024w, https:\/\/lauratalias.com\/wp-content\/uploads\/2022\/07\/894419_472613186144022_1718230900_o-copie-300x200.jpg 300w, https:\/\/lauratalias.com\/wp-content\/uploads\/2022\/07\/894419_472613186144022_1718230900_o-copie-768x512.jpg 768w, https:\/\/lauratalias.com\/wp-content\/uploads\/2022\/07\/894419_472613186144022_1718230900_o-copie-1536x1025.jpg 1536w, https:\/\/lauratalias.com\/wp-content\/uploads\/2022\/07\/894419_472613186144022_1718230900_o-copie.jpg 2048w\" sizes=\"auto, (max-width: 1024px) 100vw, 1024px\" \/><\/figure>\n\n\n\n<figure class=\"wp-block-image size-large\"><img loading=\"lazy\" decoding=\"async\" width=\"1024\" height=\"683\" data-id=\"460\" src=\"https:\/\/lauratalias.com\/wp-content\/uploads\/2022\/07\/891564_472615722810435_1352756155_o-copie-1024x683.jpg\" alt=\"\" class=\"wp-image-460\" srcset=\"https:\/\/lauratalias.com\/wp-content\/uploads\/2022\/07\/891564_472615722810435_1352756155_o-copie-1024x683.jpg 1024w, https:\/\/lauratalias.com\/wp-content\/uploads\/2022\/07\/891564_472615722810435_1352756155_o-copie-300x200.jpg 300w, https:\/\/lauratalias.com\/wp-content\/uploads\/2022\/07\/891564_472615722810435_1352756155_o-copie-768x512.jpg 768w, https:\/\/lauratalias.com\/wp-content\/uploads\/2022\/07\/891564_472615722810435_1352756155_o-copie-1536x1025.jpg 1536w, https:\/\/lauratalias.com\/wp-content\/uploads\/2022\/07\/891564_472615722810435_1352756155_o-copie.jpg 2048w\" sizes=\"auto, (max-width: 1024px) 100vw, 1024px\" \/><\/figure>\n\n\n\n<figure class=\"wp-block-image size-large\"><img loading=\"lazy\" decoding=\"async\" width=\"1024\" height=\"782\" data-id=\"469\" src=\"https:\/\/lauratalias.com\/wp-content\/uploads\/2022\/07\/img_2210-copie-1-1024x782.jpg\" alt=\"\" class=\"wp-image-469\" srcset=\"https:\/\/lauratalias.com\/wp-content\/uploads\/2022\/07\/img_2210-copie-1-1024x782.jpg 1024w, https:\/\/lauratalias.com\/wp-content\/uploads\/2022\/07\/img_2210-copie-1-300x229.jpg 300w, https:\/\/lauratalias.com\/wp-content\/uploads\/2022\/07\/img_2210-copie-1-768x587.jpg 768w, https:\/\/lauratalias.com\/wp-content\/uploads\/2022\/07\/img_2210-copie-1-1536x1173.jpg 1536w, https:\/\/lauratalias.com\/wp-content\/uploads\/2022\/07\/img_2210-copie-1-2048x1564.jpg 2048w\" sizes=\"auto, (max-width: 1024px) 100vw, 1024px\" \/><\/figure>\n<\/figure>\n","protected":false},"excerpt":{"rendered":"<p>Au-del\u00e0 de se perdre et se trouver, le voyage est l&#8217;occasion d&#8217;observer l&#8217;\u00e9tat du monde.Rencontrer, comprendre, chercher. Souvent au prix du confort, mais que sommes nous pr\u00eats \u00e0 abandonner pour avancer ?<\/p>\n","protected":false},"author":2,"featured_media":0,"parent":0,"menu_order":0,"comment_status":"closed","ping_status":"closed","template":"","meta":{"footnotes":""},"class_list":["post-458","page","type-page","status-publish","hentry"],"_links":{"self":[{"href":"https:\/\/lauratalias.com\/index.php\/wp-json\/wp\/v2\/pages\/458","targetHints":{"allow":["GET"]}}],"collection":[{"href":"https:\/\/lauratalias.com\/index.php\/wp-json\/wp\/v2\/pages"}],"about":[{"href":"https:\/\/lauratalias.com\/index.php\/wp-json\/wp\/v2\/types\/page"}],"author":[{"embeddable":true,"href":"https:\/\/lauratalias.com\/index.php\/wp-json\/wp\/v2\/users\/2"}],"replies":[{"embeddable":true,"href":"https:\/\/lauratalias.com\/index.php\/wp-json\/wp\/v2\/comments?post=458"}],"version-history":[{"count":2,"href":"https:\/\/lauratalias.com\/index.php\/wp-json\/wp\/v2\/pages\/458\/revisions"}],"predecessor-version":[{"id":665,"href":"https:\/\/lauratalias.com\/index.php\/wp-json\/wp\/v2\/pages\/458\/revisions\/665"}],"wp:attachment":[{"href":"https:\/\/lauratalias.com\/index.php\/wp-json\/wp\/v2\/media?parent=458"}],"curies":[{"name":"wp","href":"https:\/\/api.w.org\/{rel}","templated":true}]}}