{"id":610,"date":"2018-06-11T17:03:28","date_gmt":"2018-06-11T16:03:28","guid":{"rendered":"https:\/\/lauratalias.wordpress.com\/?page_id=2"},"modified":"2023-10-21T01:45:05","modified_gmt":"2023-10-20T23:45:05","slug":"a-propos","status":"publish","type":"page","link":"https:\/\/lauratalias.com\/index.php\/a-propos\/","title":{"rendered":"\u00c0 propos"},"content":{"rendered":"<div class=\"wp-block-image\">\n<figure class=\"alignleft is-resized\"><img loading=\"lazy\" decoding=\"async\" width=\"567\" height=\"516\" src=\"https:\/\/lauratalias.files.wordpress.com\/2018\/06\/laura-talias-birmanie-thanaka.jpg\" alt=\"Laura-Talias-birmanie-thanaka.JPG\" class=\"wp-image-106\" style=\"width:175px;height:159px\" srcset=\"https:\/\/lauratalias.com\/wp-content\/uploads\/2018\/06\/laura-talias-birmanie-thanaka.jpg 567w, https:\/\/lauratalias.com\/wp-content\/uploads\/2018\/06\/laura-talias-birmanie-thanaka-300x273.jpg 300w\" sizes=\"auto, (max-width: 567px) 100vw, 567px\" \/><\/figure>\n<\/div>\n\n\n<p>La route a fait de moi une <strong>grande voyageuse<\/strong> et une <strong>passeuse d\u2019histoires<\/strong> d&#8217;hier et d&#8217;aujourd&#8217;hui. De demain, peut-\u00eatre ? Artiste autodidacte, je suis devenue photographe, r\u00e9alisatrice et \u00e9crivaine-voyageuse.<\/p>\n\n\n\n<p>Avec une quarantaine de pays travers\u00e9s, le voyage est devenu un pr\u00e9texte aux rencontres, \u00e0 l\u2019autostop et au partage. Artiste touche \u00e0 tout, j&#8217;aime les cr\u00e9ations sur tout support, du podcast au carnet de voyage en passant par la peinture. Mais <strong>l&#8217;humain<\/strong> reste au centre de mes attentions : je suis tr\u00e8s attach\u00e9e aux <strong>t\u00e9moignages<\/strong>, aux r\u00e9cits de vie.<\/p>\n\n\n<div class=\"wp-block-image\">\n<figure class=\"alignright size-large is-resized\"><img loading=\"lazy\" decoding=\"async\" width=\"960\" height=\"960\" src=\"https:\/\/lauratalias.files.wordpress.com\/2018\/06\/laura-talias-photographe.jpg?w=960\" alt=\"\" class=\"wp-image-142\" style=\"width:171px;height:171px\" srcset=\"https:\/\/lauratalias.com\/wp-content\/uploads\/2018\/06\/laura-talias-photographe.jpg 960w, https:\/\/lauratalias.com\/wp-content\/uploads\/2018\/06\/laura-talias-photographe-300x300.jpg 300w, https:\/\/lauratalias.com\/wp-content\/uploads\/2018\/06\/laura-talias-photographe-150x150.jpg 150w, https:\/\/lauratalias.com\/wp-content\/uploads\/2018\/06\/laura-talias-photographe-768x768.jpg 768w\" sizes=\"auto, (max-width: 960px) 100vw, 960px\" \/><\/figure>\n<\/div>\n\n\n<p><\/p>\n\n\n\n<p>La photo de portrait et le documentaire en sont les prolongements \u00e9vidents, mais je touche aussi&nbsp;\u00e0 la <strong>g\u00e9n\u00e9alogie<\/strong>, au <strong>graffiti<\/strong>, \u00e0 la <strong>photo de rue<\/strong> et aux infinis possibles de l&#8217;<strong>abstrait<\/strong>.<br>C\u00f4t\u00e9 vid\u00e9o, je suis membre du comit\u00e9 de s\u00e9lection des films du Festival du Grand Bivouac et j&#8217;ai r\u00e9alis\u00e9 plusieurs courts-m\u00e9trages. Je travaille aujourd&#8217;hui sur un long-m\u00e9trage documentaire et sur le r\u00e9cit sous toutes ses formes : carnet de voyage, podcast, r\u00e9cit photographique&#8230;<\/p>\n\n\n\n<p><\/p>\n\n\n<div class=\"wp-block-image\">\n<figure class=\"alignleft is-resized\"><img loading=\"lazy\" decoding=\"async\" width=\"567\" height=\"592\" src=\"https:\/\/lauratalias.files.wordpress.com\/2018\/06\/birmanie-responsable-bd.jpg\" alt=\"birmanie-responsable BD.jpg\" class=\"wp-image-105\" style=\"width:161px;height:168px\" srcset=\"https:\/\/lauratalias.com\/wp-content\/uploads\/2018\/06\/birmanie-responsable-bd.jpg 567w, https:\/\/lauratalias.com\/wp-content\/uploads\/2018\/06\/birmanie-responsable-bd-287x300.jpg 287w\" sizes=\"auto, (max-width: 567px) 100vw, 567px\" \/><\/figure>\n<\/div>\n\n\n<p>Bas\u00e9e entre Paris et la Bretagne, j&#8217;ai aussi v\u00e9cu en Birmanie et au Canada.<br>Entrepreneuse dans l&#8217;Economie sociale et solidaire, j&#8217;ai fond\u00e9 <a href=\"https:\/\/www.helloasso.com\/associations\/alter-go\">l\u2019association Alter &amp; Go<\/a>, d\u00e9di\u00e9e \u00e0 la sensibilisation du grand public\u00a0au <strong>tourisme responsable <\/strong>et \u00e0 l\u2019<strong>interculturel<\/strong>.<br>Le premier projet a vu le jour en 2013 avec Alice Gl\u00e9nisson : <a href=\"https:\/\/lauratalias.com\/index.php\/birmanie-traces-tourisme-responsable\/\" data-type=\"page\" data-id=\"26\">Birmanie Responsable<\/a>, pour un tourisme conscient et avis\u00e9 en Birmanie.<br><\/p>\n\n\n\n<p><\/p>\n\n\n\n<p class=\"has-text-align-right\">&nbsp;<\/p>\n","protected":false},"excerpt":{"rendered":"<p>La route a fait de moi une grande voyageuse et une passeuse d\u2019histoires d&#8217;hier et d&#8217;aujourd&#8217;hui. De demain, peut-\u00eatre ? Artiste autodidacte, je suis devenue photographe, r\u00e9alisatrice et \u00e9crivaine-voyageuse. Avec une quarantaine de pays travers\u00e9s, le voyage est devenu un pr\u00e9texte aux rencontres, \u00e0 l\u2019autostop et au partage. Artiste touche \u00e0 tout, j&#8217;aime les cr\u00e9ations [&hellip;]<\/p>\n","protected":false},"author":2,"featured_media":0,"parent":0,"menu_order":1,"comment_status":"closed","ping_status":"closed","template":"","meta":{"footnotes":""},"class_list":["post-610","page","type-page","status-publish","hentry"],"_links":{"self":[{"href":"https:\/\/lauratalias.com\/index.php\/wp-json\/wp\/v2\/pages\/610","targetHints":{"allow":["GET"]}}],"collection":[{"href":"https:\/\/lauratalias.com\/index.php\/wp-json\/wp\/v2\/pages"}],"about":[{"href":"https:\/\/lauratalias.com\/index.php\/wp-json\/wp\/v2\/types\/page"}],"author":[{"embeddable":true,"href":"https:\/\/lauratalias.com\/index.php\/wp-json\/wp\/v2\/users\/2"}],"replies":[{"embeddable":true,"href":"https:\/\/lauratalias.com\/index.php\/wp-json\/wp\/v2\/comments?post=610"}],"version-history":[{"count":3,"href":"https:\/\/lauratalias.com\/index.php\/wp-json\/wp\/v2\/pages\/610\/revisions"}],"predecessor-version":[{"id":760,"href":"https:\/\/lauratalias.com\/index.php\/wp-json\/wp\/v2\/pages\/610\/revisions\/760"}],"wp:attachment":[{"href":"https:\/\/lauratalias.com\/index.php\/wp-json\/wp\/v2\/media?parent=610"}],"curies":[{"name":"wp","href":"https:\/\/api.w.org\/{rel}","templated":true}]}}

À propos

<div class="wp-block-image">
<figure class="alignleft is-resized"><img loading="lazy" decoding="async" width="567" height="516" src="https://lauratalias.files.wordpress.com/2018/06/laura-talias-birmanie-thanaka.jpg" alt="Laura-Talias-birmanie-thanaka.JPG" class="wp-image-106" style="width:175px;height:159px" srcset="https://lauratalias.com/wp-content/uploads/2018/06/laura-talias-birmanie-thanaka.jpg 567w, https://lauratalias.com/wp-content/uploads/2018/06/laura-talias-birmanie-thanaka-300x273.jpg 300w" sizes="auto, (max-width: 567px) 100vw, 567px" /></figure>
</div>


<p>La route a fait de moi une <strong>grande voyageuse</strong> et une <strong>passeuse d’histoires</strong> d&#8217;hier et d&#8217;aujourd&#8217;hui. De demain, peut-être ? Artiste autodidacte, je suis devenue photographe, réalisatrice et écrivaine-voyageuse.</p>



<p>Avec une quarantaine de pays traversés, le voyage est devenu un prétexte aux rencontres, à l’autostop et au partage. Artiste touche à tout, j&#8217;aime les créations sur tout support, du podcast au carnet de voyage en passant par la peinture. Mais <strong>l&#8217;humain</strong> reste au centre de mes attentions : je suis très attachée aux <strong>témoignages</strong>, aux récits de vie.</p>


<div class="wp-block-image">
<figure class="alignright size-large is-resized"><img loading="lazy" decoding="async" width="960" height="960" src="https://lauratalias.files.wordpress.com/2018/06/laura-talias-photographe.jpg?w=960" alt="" class="wp-image-142" style="width:171px;height:171px" srcset="https://lauratalias.com/wp-content/uploads/2018/06/laura-talias-photographe.jpg 960w, https://lauratalias.com/wp-content/uploads/2018/06/laura-talias-photographe-300x300.jpg 300w, https://lauratalias.com/wp-content/uploads/2018/06/laura-talias-photographe-150x150.jpg 150w, https://lauratalias.com/wp-content/uploads/2018/06/laura-talias-photographe-768x768.jpg 768w" sizes="auto, (max-width: 960px) 100vw, 960px" /></figure>
</div>


<p></p>



<p>La photo de portrait et le documentaire en sont les prolongements évidents, mais je touche aussi&nbsp;à la <strong>généalogie</strong>, au <strong>graffiti</strong>, à la <strong>photo de rue</strong> et aux infinis possibles de l&#8217;<strong>abstrait</strong>.<br>Côté vidéo, je suis membre du comité de sélection des films du Festival du Grand Bivouac et j&#8217;ai réalisé plusieurs courts-métrages. Je travaille aujourd&#8217;hui sur un long-métrage documentaire et sur le récit sous toutes ses formes : carnet de voyage, podcast, récit photographique&#8230;</p>



<p></p>


<div class="wp-block-image">
<figure class="alignleft is-resized"><img loading="lazy" decoding="async" width="567" height="592" src="https://lauratalias.files.wordpress.com/2018/06/birmanie-responsable-bd.jpg" alt="birmanie-responsable BD.jpg" class="wp-image-105" style="width:161px;height:168px" srcset="https://lauratalias.com/wp-content/uploads/2018/06/birmanie-responsable-bd.jpg 567w, https://lauratalias.com/wp-content/uploads/2018/06/birmanie-responsable-bd-287x300.jpg 287w" sizes="auto, (max-width: 567px) 100vw, 567px" /></figure>
</div>


<p>Basée entre Paris et la Bretagne, j&#8217;ai aussi vécu en Birmanie et au Canada.<br>Entrepreneuse dans l&#8217;Economie sociale et solidaire, j&#8217;ai fondé <a href="https://www.helloasso.com/associations/alter-go">l’association Alter &amp; Go</a>, dédiée à la sensibilisation du grand public au <strong>tourisme responsable </strong>et à l’<strong>interculturel</strong>.<br>Le premier projet a vu le jour en 2013 avec Alice Glénisson : <a href="https://lauratalias.com/index.php/birmanie-traces-tourisme-responsable/" data-type="page" data-id="26">Birmanie Responsable</a>, pour un tourisme conscient et avisé en Birmanie.<br></p>



<p></p>



<p class="has-text-align-right">&nbsp;</p>

<p>La route a fait de moi une grande voyageuse et une passeuse d’histoires d&#8217;hier et d&#8217;aujourd&#8217;hui. De demain, peut-être ? Artiste autodidacte, je suis devenue photographe, réalisatrice et écrivaine-voyageuse. Avec une quarantaine de pays traversés, le voyage est devenu un prétexte aux rencontres, à l’autostop et au partage. Artiste touche à tout, j&#8217;aime les créations [&hellip;]</p>
