{"id":827,"date":"2023-11-30T12:52:53","date_gmt":"2023-11-30T11:52:53","guid":{"rendered":"https:\/\/lauratalias.com\/?page_id=827"},"modified":"2024-04-06T01:15:00","modified_gmt":"2024-04-05T23:15:00","slug":"carnet-dessin","status":"publish","type":"page","link":"https:\/\/lauratalias.com\/index.php\/carnet-dessin\/","title":{"rendered":"Carnets de voyage"},"content":{"rendered":"\n<ul class=\"wp-block-social-links alignright is-layout-flex wp-block-social-links-is-layout-flex\"><li class=\"wp-social-link wp-social-link-facebook  wp-block-social-link\"><a href=\"https:\/\/www.facebook.com\/laurataliasarts\" class=\"wp-block-social-link-anchor\"><svg width=\"24\" height=\"24\" viewBox=\"0 0 24 24\" version=\"1.1\" xmlns=\"http:\/\/www.w3.org\/2000\/svg\" aria-hidden=\"true\" focusable=\"false\"><path d=\"M12 2C6.5 2 2 6.5 2 12c0 5 3.7 9.1 8.4 9.9v-7H7.9V12h2.5V9.8c0-2.5 1.5-3.9 3.8-3.9 1.1 0 2.2.2 2.2.2v2.5h-1.3c-1.2 0-1.6.8-1.6 1.6V12h2.8l-.4 2.9h-2.3v7C18.3 21.1 22 17 22 12c0-5.5-4.5-10-10-10z\"><\/path><\/svg><span class=\"wp-block-social-link-label screen-reader-text\">Facebook<\/span><\/a><\/li>\n\n<li class=\"wp-social-link wp-social-link-instagram  wp-block-social-link\"><a href=\"https:\/\/www.instagram.com\/laura_talias_arts\/?hl=fr\" class=\"wp-block-social-link-anchor\"><svg width=\"24\" height=\"24\" viewBox=\"0 0 24 24\" version=\"1.1\" xmlns=\"http:\/\/www.w3.org\/2000\/svg\" aria-hidden=\"true\" focusable=\"false\"><path d=\"M12,4.622c2.403,0,2.688,0.009,3.637,0.052c0.877,0.04,1.354,0.187,1.671,0.31c0.42,0.163,0.72,0.358,1.035,0.673 c0.315,0.315,0.51,0.615,0.673,1.035c0.123,0.317,0.27,0.794,0.31,1.671c0.043,0.949,0.052,1.234,0.052,3.637 s-0.009,2.688-0.052,3.637c-0.04,0.877-0.187,1.354-0.31,1.671c-0.163,0.42-0.358,0.72-0.673,1.035 c-0.315,0.315-0.615,0.51-1.035,0.673c-0.317,0.123-0.794,0.27-1.671,0.31c-0.949,0.043-1.233,0.052-3.637,0.052 s-2.688-0.009-3.637-0.052c-0.877-0.04-1.354-0.187-1.671-0.31c-0.42-0.163-0.72-0.358-1.035-0.673 c-0.315-0.315-0.51-0.615-0.673-1.035c-0.123-0.317-0.27-0.794-0.31-1.671C4.631,14.688,4.622,14.403,4.622,12 s0.009-2.688,0.052-3.637c0.04-0.877,0.187-1.354,0.31-1.671c0.163-0.42,0.358-0.72,0.673-1.035 c0.315-0.315,0.615-0.51,1.035-0.673c0.317-0.123,0.794-0.27,1.671-0.31C9.312,4.631,9.597,4.622,12,4.622 M12,3 C9.556,3,9.249,3.01,8.289,3.054C7.331,3.098,6.677,3.25,6.105,3.472C5.513,3.702,5.011,4.01,4.511,4.511 c-0.5,0.5-0.808,1.002-1.038,1.594C3.25,6.677,3.098,7.331,3.054,8.289C3.01,9.249,3,9.556,3,12c0,2.444,0.01,2.751,0.054,3.711 c0.044,0.958,0.196,1.612,0.418,2.185c0.23,0.592,0.538,1.094,1.038,1.594c0.5,0.5,1.002,0.808,1.594,1.038 c0.572,0.222,1.227,0.375,2.185,0.418C9.249,20.99,9.556,21,12,21s2.751-0.01,3.711-0.054c0.958-0.044,1.612-0.196,2.185-0.418 c0.592-0.23,1.094-0.538,1.594-1.038c0.5-0.5,0.808-1.002,1.038-1.594c0.222-0.572,0.375-1.227,0.418-2.185 C20.99,14.751,21,14.444,21,12s-0.01-2.751-0.054-3.711c-0.044-0.958-0.196-1.612-0.418-2.185c-0.23-0.592-0.538-1.094-1.038-1.594 c-0.5-0.5-1.002-0.808-1.594-1.038c-0.572-0.222-1.227-0.375-2.185-0.418C14.751,3.01,14.444,3,12,3L12,3z M12,7.378 c-2.552,0-4.622,2.069-4.622,4.622S9.448,16.622,12,16.622s4.622-2.069,4.622-4.622S14.552,7.378,12,7.378z M12,15 c-1.657,0-3-1.343-3-3s1.343-3,3-3s3,1.343,3,3S13.657,15,12,15z M16.804,6.116c-0.596,0-1.08,0.484-1.08,1.08 s0.484,1.08,1.08,1.08c0.596,0,1.08-0.484,1.08-1.08S17.401,6.116,16.804,6.116z\"><\/path><\/svg><span class=\"wp-block-social-link-label screen-reader-text\">Instagram<\/span><\/a><\/li><\/ul>\n\n\n\n<p>Artiste voyageuse, j&#8217;ai admir\u00e9 de loin les carnets de voyage pendant 10 ans sans oser me lancer, faute de savoir dessiner&#8230; Comme quoi il reste toujours des p\u00e9pites \u00e0 d\u00e9couvrir en soi, quelque soit le nombre des ann\u00e9es ! <\/p>\n\n\n\n<p>Quelques extraits de carnets voyageurs, de la Laponie \u00e0 la Birmanie en passant par la Belgique&#8230;<br>Cliquez pour agrandir ! <\/p>\n\n\n\n<figure class=\"wp-block-gallery has-nested-images columns-default is-cropped wp-block-gallery-1 is-layout-flex wp-block-gallery-is-layout-flex\">\n<figure class=\"wp-block-image size-large\"><a href=\"https:\/\/lauratalias.com\/wp-content\/uploads\/2023\/11\/9-mois-en-Birmanie-2016-Laura-Talias.png.jpg\"><img loading=\"lazy\" decoding=\"async\" width=\"1024\" height=\"586\" data-id=\"828\" src=\"https:\/\/lauratalias.com\/wp-content\/uploads\/2023\/11\/9-mois-en-Birmanie-2016-Laura-Talias.png-1024x586.jpg\" alt=\"\" class=\"wp-image-828\" srcset=\"https:\/\/lauratalias.com\/wp-content\/uploads\/2023\/11\/9-mois-en-Birmanie-2016-Laura-Talias.png-1024x586.jpg 1024w, https:\/\/lauratalias.com\/wp-content\/uploads\/2023\/11\/9-mois-en-Birmanie-2016-Laura-Talias.png-300x172.jpg 300w, https:\/\/lauratalias.com\/wp-content\/uploads\/2023\/11\/9-mois-en-Birmanie-2016-Laura-Talias.png-768x440.jpg 768w, https:\/\/lauratalias.com\/wp-content\/uploads\/2023\/11\/9-mois-en-Birmanie-2016-Laura-Talias.png-1536x879.jpg 1536w, https:\/\/lauratalias.com\/wp-content\/uploads\/2023\/11\/9-mois-en-Birmanie-2016-Laura-Talias.png-600x343.jpg 600w, https:\/\/lauratalias.com\/wp-content\/uploads\/2023\/11\/9-mois-en-Birmanie-2016-Laura-Talias.png.jpg 1969w\" sizes=\"auto, (max-width: 1024px) 100vw, 1024px\" \/><\/a><\/figure>\n\n\n\n<figure class=\"wp-block-image size-large\"><a href=\"https:\/\/lauratalias.com\/wp-content\/uploads\/2023\/11\/Belgique-Des-frites-et-des-hommes-2023-Laura-Talias.png-scaled.jpg\"><img loading=\"lazy\" decoding=\"async\" width=\"1024\" height=\"357\" data-id=\"833\" src=\"https:\/\/lauratalias.com\/wp-content\/uploads\/2023\/11\/Belgique-Des-frites-et-des-hommes-2023-Laura-Talias.png-1024x357.jpg\" alt=\"\" class=\"wp-image-833\" srcset=\"https:\/\/lauratalias.com\/wp-content\/uploads\/2023\/11\/Belgique-Des-frites-et-des-hommes-2023-Laura-Talias.png-1024x357.jpg 1024w, https:\/\/lauratalias.com\/wp-content\/uploads\/2023\/11\/Belgique-Des-frites-et-des-hommes-2023-Laura-Talias.png-300x105.jpg 300w, https:\/\/lauratalias.com\/wp-content\/uploads\/2023\/11\/Belgique-Des-frites-et-des-hommes-2023-Laura-Talias.png-768x268.jpg 768w, https:\/\/lauratalias.com\/wp-content\/uploads\/2023\/11\/Belgique-Des-frites-et-des-hommes-2023-Laura-Talias.png-1536x536.jpg 1536w, https:\/\/lauratalias.com\/wp-content\/uploads\/2023\/11\/Belgique-Des-frites-et-des-hommes-2023-Laura-Talias.png-2048x715.jpg 2048w, https:\/\/lauratalias.com\/wp-content\/uploads\/2023\/11\/Belgique-Des-frites-et-des-hommes-2023-Laura-Talias.png-600x209.jpg 600w\" sizes=\"auto, (max-width: 1024px) 100vw, 1024px\" \/><\/a><\/figure>\n\n\n\n<figure class=\"wp-block-image size-large\"><a href=\"https:\/\/lauratalias.com\/wp-content\/uploads\/2023\/11\/Birmanie-portraits-2016-Laura-Talias.png\"><img loading=\"lazy\" decoding=\"async\" width=\"1024\" height=\"693\" data-id=\"831\" src=\"https:\/\/lauratalias.com\/wp-content\/uploads\/2023\/11\/Birmanie-portraits-2016-Laura-Talias-1024x693.png\" alt=\"\" class=\"wp-image-831\" srcset=\"https:\/\/lauratalias.com\/wp-content\/uploads\/2023\/11\/Birmanie-portraits-2016-Laura-Talias-1024x693.png 1024w, https:\/\/lauratalias.com\/wp-content\/uploads\/2023\/11\/Birmanie-portraits-2016-Laura-Talias-300x203.png 300w, https:\/\/lauratalias.com\/wp-content\/uploads\/2023\/11\/Birmanie-portraits-2016-Laura-Talias-768x520.png 768w, https:\/\/lauratalias.com\/wp-content\/uploads\/2023\/11\/Birmanie-portraits-2016-Laura-Talias-1536x1040.png 1536w, https:\/\/lauratalias.com\/wp-content\/uploads\/2023\/11\/Birmanie-portraits-2016-Laura-Talias-600x406.png 600w, https:\/\/lauratalias.com\/wp-content\/uploads\/2023\/11\/Birmanie-portraits-2016-Laura-Talias.png 1718w\" sizes=\"auto, (max-width: 1024px) 100vw, 1024px\" \/><\/a><\/figure>\n\n\n\n<figure class=\"wp-block-image size-large\"><a href=\"https:\/\/lauratalias.com\/wp-content\/uploads\/2023\/11\/Carnets-du-quotidien-2022-Laura-Talias.png\"><img loading=\"lazy\" decoding=\"async\" width=\"1024\" height=\"364\" data-id=\"830\" src=\"https:\/\/lauratalias.com\/wp-content\/uploads\/2023\/11\/Carnets-du-quotidien-2022-Laura-Talias-1024x364.png\" alt=\"\" class=\"wp-image-830\" srcset=\"https:\/\/lauratalias.com\/wp-content\/uploads\/2023\/11\/Carnets-du-quotidien-2022-Laura-Talias-1024x364.png 1024w, https:\/\/lauratalias.com\/wp-content\/uploads\/2023\/11\/Carnets-du-quotidien-2022-Laura-Talias-300x107.png 300w, https:\/\/lauratalias.com\/wp-content\/uploads\/2023\/11\/Carnets-du-quotidien-2022-Laura-Talias-768x273.png 768w, https:\/\/lauratalias.com\/wp-content\/uploads\/2023\/11\/Carnets-du-quotidien-2022-Laura-Talias-1536x546.png 1536w, https:\/\/lauratalias.com\/wp-content\/uploads\/2023\/11\/Carnets-du-quotidien-2022-Laura-Talias-600x213.png 600w, https:\/\/lauratalias.com\/wp-content\/uploads\/2023\/11\/Carnets-du-quotidien-2022-Laura-Talias.png 1900w\" sizes=\"auto, (max-width: 1024px) 100vw, 1024px\" \/><\/a><\/figure>\n\n\n\n<figure class=\"wp-block-image size-large\"><a href=\"https:\/\/lauratalias.com\/wp-content\/uploads\/2023\/11\/Urban-sketching-France-2023-Laura-Talias.png\"><img loading=\"lazy\" decoding=\"async\" width=\"1024\" height=\"517\" data-id=\"832\" src=\"https:\/\/lauratalias.com\/wp-content\/uploads\/2023\/11\/Urban-sketching-France-2023-Laura-Talias-1024x517.png\" alt=\"\" class=\"wp-image-832\" srcset=\"https:\/\/lauratalias.com\/wp-content\/uploads\/2023\/11\/Urban-sketching-France-2023-Laura-Talias-1024x517.png 1024w, https:\/\/lauratalias.com\/wp-content\/uploads\/2023\/11\/Urban-sketching-France-2023-Laura-Talias-300x152.png 300w, https:\/\/lauratalias.com\/wp-content\/uploads\/2023\/11\/Urban-sketching-France-2023-Laura-Talias-768x388.png 768w, https:\/\/lauratalias.com\/wp-content\/uploads\/2023\/11\/Urban-sketching-France-2023-Laura-Talias-1536x776.png 1536w, https:\/\/lauratalias.com\/wp-content\/uploads\/2023\/11\/Urban-sketching-France-2023-Laura-Talias-2048x1035.png 2048w, https:\/\/lauratalias.com\/wp-content\/uploads\/2023\/11\/Urban-sketching-France-2023-Laura-Talias-600x303.png 600w\" sizes=\"auto, (max-width: 1024px) 100vw, 1024px\" \/><\/a><\/figure>\n\n\n\n<figure class=\"wp-block-image size-large\"><a href=\"https:\/\/lauratalias.com\/wp-content\/uploads\/2023\/11\/Laponie-un-poil-de-renne-sur-mon-cookie-2023-Laura-Talias-scaled.jpg\"><img loading=\"lazy\" decoding=\"async\" width=\"2560\" height=\"796\" data-id=\"829\" src=\"https:\/\/lauratalias.com\/wp-content\/uploads\/2023\/11\/Laponie-un-poil-de-renne-sur-mon-cookie-2023-Laura-Talias-scaled.jpg\" alt=\"\" class=\"wp-image-829\" srcset=\"https:\/\/lauratalias.com\/wp-content\/uploads\/2023\/11\/Laponie-un-poil-de-renne-sur-mon-cookie-2023-Laura-Talias-scaled.jpg 2560w, https:\/\/lauratalias.com\/wp-content\/uploads\/2023\/11\/Laponie-un-poil-de-renne-sur-mon-cookie-2023-Laura-Talias-300x93.jpg 300w\" sizes=\"auto, (max-width: 2560px) 100vw, 2560px\" \/><\/a><\/figure>\n<\/figure>\n\n\n\n<p><\/p>\n\n\n\n<p><\/p>\n\n\n\n<h2 class=\"wp-block-heading\">Tout plaquer et partir sur les routes avec un cirque<\/h2>\n\n\n\n<p>Ils sont 9, qu\u00e9b\u00e9cois, isra\u00e9lien ou allemand, acrobate, r\u00e9gisseur ou musicien, chacun avec leur personnalit\u00e9 et leurs talents. J\u2019ai suivi pendant 2 fois 10 jours la troupe de \u00ab&nbsp;Machine de cirque&nbsp;\u00bb, un cirque qu\u00e9b\u00e9cois en tourn\u00e9e en France fin 2023.<\/p>\n\n\n\n<p>De Paris \u00e0 Martigues, je raconte avec humour la vie de tourn\u00e9e, le quotidien des artistes, les dessous du dur monde du cirque. Entre deux citations dans des bulles, les artistes prennent parfois eux-m\u00eames la plume pour s\u2019exprimer\u2026&nbsp;<\/p>\n\n\n\n<p><\/p>\n\n\n\n<figure class=\"wp-block-gallery has-nested-images columns-default is-cropped wp-block-gallery-2 is-layout-flex wp-block-gallery-is-layout-flex\">\n<figure class=\"wp-block-image size-large\"><img decoding=\"async\" data-id=\"893\" src=\"https:\/\/lauratalias.com\/wp-content\/uploads\/2024\/02\/carnet-cirque-1.jpg\" alt=\"\" class=\"wp-image-893\"\/><\/figure>\n\n\n\n<figure class=\"wp-block-image size-large\"><img loading=\"lazy\" decoding=\"async\" width=\"1824\" height=\"2560\" data-id=\"892\" src=\"https:\/\/lauratalias.com\/wp-content\/uploads\/2024\/02\/carnet-cirque-2-scaled.jpg\" alt=\"\" class=\"wp-image-892\"\/><\/figure>\n\n\n\n<figure class=\"wp-block-image size-large\"><img decoding=\"async\" data-id=\"896\" src=\"https:\/\/lauratalias.com\/wp-content\/uploads\/2024\/02\/carnet-cirque-7.jpg\" alt=\"\" class=\"wp-image-896\"\/><\/figure>\n\n\n\n<figure class=\"wp-block-image size-large\"><img decoding=\"async\" data-id=\"894\" src=\"https:\/\/lauratalias.com\/wp-content\/uploads\/2024\/02\/carnet-cirque-5.jpg\" alt=\"\" class=\"wp-image-894\"\/><\/figure>\n\n\n\n<figure class=\"wp-block-image size-large\"><img loading=\"lazy\" decoding=\"async\" width=\"1024\" height=\"644\" data-id=\"900\" src=\"https:\/\/lauratalias.com\/wp-content\/uploads\/2024\/02\/carnet-cirque-6-copie-1024x644.jpg\" alt=\"\" class=\"wp-image-900\" srcset=\"https:\/\/lauratalias.com\/wp-content\/uploads\/2024\/02\/carnet-cirque-6-copie-1024x644.jpg 1024w, https:\/\/lauratalias.com\/wp-content\/uploads\/2024\/02\/carnet-cirque-6-copie-300x189.jpg 300w, https:\/\/lauratalias.com\/wp-content\/uploads\/2024\/02\/carnet-cirque-6-copie-768x483.jpg 768w, https:\/\/lauratalias.com\/wp-content\/uploads\/2024\/02\/carnet-cirque-6-copie-1536x965.jpg 1536w, https:\/\/lauratalias.com\/wp-content\/uploads\/2024\/02\/carnet-cirque-6-copie-2048x1287.jpg 2048w, https:\/\/lauratalias.com\/wp-content\/uploads\/2024\/02\/carnet-cirque-6-copie-600x377.jpg 600w\" sizes=\"auto, (max-width: 1024px) 100vw, 1024px\" \/><\/figure>\n<\/figure>\n\n\n\n<p><\/p>\n\n\n\n<p><\/p>\n\n\n\n<h2 class=\"wp-block-heading\">Dessin et peinture<\/h2>\n\n\n\n<p>J&#8217;aime m\u00ealer du texte, collage et autres techniques mixtes dans mes cr\u00e9ations. <br>Aujourd&#8217;hui, je suis dans l&#8217;encre de Chine, l&#8217;acrylique et le feutre fin, mais je sais que \u00e7a changera demain.<\/p>\n\n\n\n<figure class=\"wp-block-gallery has-nested-images columns-default is-cropped wp-block-gallery-3 is-layout-flex wp-block-gallery-is-layout-flex\">\n<figure class=\"wp-block-image size-large\"><img loading=\"lazy\" decoding=\"async\" width=\"960\" height=\"720\" data-id=\"505\" src=\"https:\/\/lauratalias.com\/wp-content\/uploads\/2022\/07\/279275713_10158242163616876_4031260993909909428_n.jpg\" alt=\"\" class=\"wp-image-505\" srcset=\"https:\/\/lauratalias.com\/wp-content\/uploads\/2022\/07\/279275713_10158242163616876_4031260993909909428_n.jpg 960w, https:\/\/lauratalias.com\/wp-content\/uploads\/2022\/07\/279275713_10158242163616876_4031260993909909428_n-300x225.jpg 300w, https:\/\/lauratalias.com\/wp-content\/uploads\/2022\/07\/279275713_10158242163616876_4031260993909909428_n-768x576.jpg 768w\" sizes=\"auto, (max-width: 960px) 100vw, 960px\" \/><\/figure>\n\n\n\n<figure class=\"wp-block-image size-large\"><img loading=\"lazy\" decoding=\"async\" width=\"1024\" height=\"746\" data-id=\"835\" src=\"https:\/\/lauratalias.com\/wp-content\/uploads\/2023\/11\/1.Couverture-1024x746.jpg\" alt=\"\" class=\"wp-image-835\" srcset=\"https:\/\/lauratalias.com\/wp-content\/uploads\/2023\/11\/1.Couverture-1024x746.jpg 1024w, https:\/\/lauratalias.com\/wp-content\/uploads\/2023\/11\/1.Couverture-300x218.jpg 300w, https:\/\/lauratalias.com\/wp-content\/uploads\/2023\/11\/1.Couverture-768x559.jpg 768w, https:\/\/lauratalias.com\/wp-content\/uploads\/2023\/11\/1.Couverture-1536x1118.jpg 1536w, https:\/\/lauratalias.com\/wp-content\/uploads\/2023\/11\/1.Couverture-2048x1491.jpg 2048w, https:\/\/lauratalias.com\/wp-content\/uploads\/2023\/11\/1.Couverture-600x437.jpg 600w\" sizes=\"auto, (max-width: 1024px) 100vw, 1024px\" \/><\/figure>\n\n\n\n<figure class=\"wp-block-image size-large\"><img loading=\"lazy\" decoding=\"async\" width=\"960\" height=\"663\" data-id=\"504\" src=\"https:\/\/lauratalias.com\/wp-content\/uploads\/2022\/07\/279676289_10158242163036876_296996480731364903_n.jpg\" alt=\"\" class=\"wp-image-504\" srcset=\"https:\/\/lauratalias.com\/wp-content\/uploads\/2022\/07\/279676289_10158242163036876_296996480731364903_n.jpg 960w, https:\/\/lauratalias.com\/wp-content\/uploads\/2022\/07\/279676289_10158242163036876_296996480731364903_n-300x207.jpg 300w, https:\/\/lauratalias.com\/wp-content\/uploads\/2022\/07\/279676289_10158242163036876_296996480731364903_n-768x530.jpg 768w\" sizes=\"auto, (max-width: 960px) 100vw, 960px\" \/><\/figure>\n\n\n\n<figure class=\"wp-block-image size-large\"><img loading=\"lazy\" decoding=\"async\" width=\"960\" height=\"699\" data-id=\"503\" src=\"https:\/\/lauratalias.com\/wp-content\/uploads\/2022\/07\/279152145_10158242161851876_8478296739546424510_n.jpg\" alt=\"\" class=\"wp-image-503\" srcset=\"https:\/\/lauratalias.com\/wp-content\/uploads\/2022\/07\/279152145_10158242161851876_8478296739546424510_n.jpg 960w, https:\/\/lauratalias.com\/wp-content\/uploads\/2022\/07\/279152145_10158242161851876_8478296739546424510_n-300x218.jpg 300w, https:\/\/lauratalias.com\/wp-content\/uploads\/2022\/07\/279152145_10158242161851876_8478296739546424510_n-768x559.jpg 768w\" sizes=\"auto, (max-width: 960px) 100vw, 960px\" \/><\/figure>\n\n\n\n<figure class=\"wp-block-image size-large\"><img loading=\"lazy\" decoding=\"async\" width=\"1024\" height=\"772\" data-id=\"834\" src=\"https:\/\/lauratalias.com\/wp-content\/uploads\/2023\/11\/Tunis-etc-Laura-Talias-copie-1024x772.jpg\" alt=\"\" class=\"wp-image-834\" srcset=\"https:\/\/lauratalias.com\/wp-content\/uploads\/2023\/11\/Tunis-etc-Laura-Talias-copie-1024x772.jpg 1024w, https:\/\/lauratalias.com\/wp-content\/uploads\/2023\/11\/Tunis-etc-Laura-Talias-copie-300x226.jpg 300w, https:\/\/lauratalias.com\/wp-content\/uploads\/2023\/11\/Tunis-etc-Laura-Talias-copie-768x579.jpg 768w, https:\/\/lauratalias.com\/wp-content\/uploads\/2023\/11\/Tunis-etc-Laura-Talias-copie-1536x1158.jpg 1536w, https:\/\/lauratalias.com\/wp-content\/uploads\/2023\/11\/Tunis-etc-Laura-Talias-copie-2048x1544.jpg 2048w, https:\/\/lauratalias.com\/wp-content\/uploads\/2023\/11\/Tunis-etc-Laura-Talias-copie-600x452.jpg 600w\" sizes=\"auto, (max-width: 1024px) 100vw, 1024px\" \/><\/figure>\n\n\n\n<figure class=\"wp-block-image size-large\"><img loading=\"lazy\" decoding=\"async\" width=\"1024\" height=\"726\" data-id=\"838\" src=\"https:\/\/lauratalias.com\/wp-content\/uploads\/2023\/11\/Les-amoureux-de-Vancouver-1024x726.jpg\" alt=\"\" class=\"wp-image-838\" srcset=\"https:\/\/lauratalias.com\/wp-content\/uploads\/2023\/11\/Les-amoureux-de-Vancouver-1024x726.jpg 1024w, https:\/\/lauratalias.com\/wp-content\/uploads\/2023\/11\/Les-amoureux-de-Vancouver-300x213.jpg 300w, https:\/\/lauratalias.com\/wp-content\/uploads\/2023\/11\/Les-amoureux-de-Vancouver-768x545.jpg 768w, https:\/\/lauratalias.com\/wp-content\/uploads\/2023\/11\/Les-amoureux-de-Vancouver-1536x1089.jpg 1536w, https:\/\/lauratalias.com\/wp-content\/uploads\/2023\/11\/Les-amoureux-de-Vancouver-2048x1452.jpg 2048w, https:\/\/lauratalias.com\/wp-content\/uploads\/2023\/11\/Les-amoureux-de-Vancouver-600x425.jpg 600w\" sizes=\"auto, (max-width: 1024px) 100vw, 1024px\" \/><\/figure>\n\n\n\n<figure class=\"wp-block-image size-large\"><img loading=\"lazy\" decoding=\"async\" width=\"743\" height=\"1024\" data-id=\"840\" src=\"https:\/\/lauratalias.com\/wp-content\/uploads\/2023\/11\/367990926_3622707344724544_2738882425605865612_n-743x1024.jpg\" alt=\"\" class=\"wp-image-840\" srcset=\"https:\/\/lauratalias.com\/wp-content\/uploads\/2023\/11\/367990926_3622707344724544_2738882425605865612_n-743x1024.jpg 743w, https:\/\/lauratalias.com\/wp-content\/uploads\/2023\/11\/367990926_3622707344724544_2738882425605865612_n-218x300.jpg 218w, https:\/\/lauratalias.com\/wp-content\/uploads\/2023\/11\/367990926_3622707344724544_2738882425605865612_n-768x1059.jpg 768w, https:\/\/lauratalias.com\/wp-content\/uploads\/2023\/11\/367990926_3622707344724544_2738882425605865612_n-1114x1536.jpg 1114w, https:\/\/lauratalias.com\/wp-content\/uploads\/2023\/11\/367990926_3622707344724544_2738882425605865612_n-600x827.jpg 600w, https:\/\/lauratalias.com\/wp-content\/uploads\/2023\/11\/367990926_3622707344724544_2738882425605865612_n.jpg 1425w\" sizes=\"auto, (max-width: 743px) 100vw, 743px\" \/><\/figure>\n\n\n\n<figure class=\"wp-block-image size-large\"><img loading=\"lazy\" decoding=\"async\" width=\"657\" height=\"1024\" data-id=\"837\" src=\"https:\/\/lauratalias.com\/wp-content\/uploads\/2023\/11\/Histoire-A4-Laura-Talias-copie-2-657x1024.jpg\" alt=\"\" class=\"wp-image-837\" srcset=\"https:\/\/lauratalias.com\/wp-content\/uploads\/2023\/11\/Histoire-A4-Laura-Talias-copie-2-657x1024.jpg 657w, https:\/\/lauratalias.com\/wp-content\/uploads\/2023\/11\/Histoire-A4-Laura-Talias-copie-2-193x300.jpg 193w, https:\/\/lauratalias.com\/wp-content\/uploads\/2023\/11\/Histoire-A4-Laura-Talias-copie-2-600x935.jpg 600w, https:\/\/lauratalias.com\/wp-content\/uploads\/2023\/11\/Histoire-A4-Laura-Talias-copie-2.jpg 667w\" sizes=\"auto, (max-width: 657px) 100vw, 657px\" \/><\/figure>\n\n\n\n<figure class=\"wp-block-image size-large\"><img loading=\"lazy\" decoding=\"async\" width=\"723\" height=\"1024\" data-id=\"839\" src=\"https:\/\/lauratalias.com\/wp-content\/uploads\/2023\/11\/Tunisienne-723x1024.jpg\" alt=\"\" class=\"wp-image-839\" srcset=\"https:\/\/lauratalias.com\/wp-content\/uploads\/2023\/11\/Tunisienne-723x1024.jpg 723w, https:\/\/lauratalias.com\/wp-content\/uploads\/2023\/11\/Tunisienne-212x300.jpg 212w, https:\/\/lauratalias.com\/wp-content\/uploads\/2023\/11\/Tunisienne-768x1088.jpg 768w, https:\/\/lauratalias.com\/wp-content\/uploads\/2023\/11\/Tunisienne-1084x1536.jpg 1084w, https:\/\/lauratalias.com\/wp-content\/uploads\/2023\/11\/Tunisienne-1446x2048.jpg 1446w, https:\/\/lauratalias.com\/wp-content\/uploads\/2023\/11\/Tunisienne-600x850.jpg 600w, https:\/\/lauratalias.com\/wp-content\/uploads\/2023\/11\/Tunisienne-scaled.jpg 1807w\" sizes=\"auto, (max-width: 723px) 100vw, 723px\" \/><\/figure>\n<\/figure>\n","protected":false},"excerpt":{"rendered":"<p>Artiste voyageuse, j&#8217;ai admir\u00e9 de loin les carnets de voyage pendant 10 ans sans oser me lancer, faute de savoir dessiner&#8230; Comme quoi il reste toujours des p\u00e9pites \u00e0 d\u00e9couvrir en soi, quelque soit le nombre des ann\u00e9es ! Quelques extraits de carnets voyageurs, de la Laponie \u00e0 la Birmanie en passant par la Belgique&#8230;Cliquez [&hellip;]<\/p>\n","protected":false},"author":1,"featured_media":0,"parent":0,"menu_order":0,"comment_status":"closed","ping_status":"closed","template":"","meta":{"footnotes":""},"class_list":["post-827","page","type-page","status-publish","hentry"],"_links":{"self":[{"href":"https:\/\/lauratalias.com\/index.php\/wp-json\/wp\/v2\/pages\/827","targetHints":{"allow":["GET"]}}],"collection":[{"href":"https:\/\/lauratalias.com\/index.php\/wp-json\/wp\/v2\/pages"}],"about":[{"href":"https:\/\/lauratalias.com\/index.php\/wp-json\/wp\/v2\/types\/page"}],"author":[{"embeddable":true,"href":"https:\/\/lauratalias.com\/index.php\/wp-json\/wp\/v2\/users\/1"}],"replies":[{"embeddable":true,"href":"https:\/\/lauratalias.com\/index.php\/wp-json\/wp\/v2\/comments?post=827"}],"version-history":[{"count":8,"href":"https:\/\/lauratalias.com\/index.php\/wp-json\/wp\/v2\/pages\/827\/revisions"}],"predecessor-version":[{"id":1015,"href":"https:\/\/lauratalias.com\/index.php\/wp-json\/wp\/v2\/pages\/827\/revisions\/1015"}],"wp:attachment":[{"href":"https:\/\/lauratalias.com\/index.php\/wp-json\/wp\/v2\/media?parent=827"}],"curies":[{"name":"wp","href":"https:\/\/api.w.org\/{rel}","templated":true}]}}